-3*r - 57 = -2*l. What is the remainder when f is divided by l?
33
Let s = -1820 - -1898. What is the remainder when 78 is divided by s?
0
Let p = 838 + -726. Calculate the remainder when 547 is divided by p.
99
Suppose -5*n = 51872 - 52547. Let x = -29 - -54. Let a = x - 2. Calculate the remainder when n is divided by a.
20
Let c(z) = z + 14. Let p(j) = -j - 8. Let u be p(-9). Let v be 12/(u*(-6)/4). What is the remainder when 15 is divided by c(v)?
3
Let i(c) be the second derivative of c**3/3 + c**2/2 + 16*c. Let w be i(-2). Calculate the remainder when -4 + (108 - 3/w) is divided by 18.
15
What is the remainder when (-1)/(-1 - (-1370)/1375) is divided by 61?
31
Let q = -1697 + 975. Let b = q - -744. What is the remainder when b is divided by 12?
10
Let z(a) = a**2 - 6*a - 12. Let v be 2/(-5) - 676/(-65). What is the remainder when 82 is divided by z(v)?
26
Let y = -24 - -12. Let p(f) = 2*f - 32. Let l(s) = 3*s - 32. Let r(u) = 3*l(u) - 4*p(u). Calculate the remainder when 39 is divided by r(y).
19
Let q be 16/6 + (-10)/(-30). Suppose 4 = -3*z - z + 4*u, -2*u = q*z + 28. Let w(j) = -10*j - 46. What is the remainder when 69 is divided by w(z)?
13
Suppose 42*d + 890 = 37*d. Calculate the remainder when ((-2 - 21)/1)/(-1) is divided by 24/84 - d/14.
10
Suppose -5 = -2*h + 3*h, 0 = 5*o + 5*h - 1665. Let w = -159 + o. Calculate the remainder when w is divided by 15.
14
Let b(l) = -132*l + 696. Let d(j) = -27*j + 139. Let s(t) = -3*b(t) + 14*d(t). What is the remainder when 33 is divided by s(9)?
13
Let p(i) be the first derivative of 15*i**2/2 + 2*i - 3. Let h(r) = -r**2 + 187*r - 7910. What is the remainder when p(9) is divided by h(122)?
17
Let s(x) = x**3 + 10*x**2 + x + 11. Suppose -3*a - t + 134 = 0, -6*a + 221 = -3*t - 7. What is the remainder when s(-8) is divided by a?
5
Suppose -f = 5*h + 79 - 229, 0 = -4*f. What is the remainder when 277 is divided by h?
7
Let z(t) = -27*t - 17. Let n be (22 - 29)*(-2)/(-7). Calculate the remainder when 404 is divided by z(n).
34
Let g = 20777 - 20625. Calculate the remainder when 10636 is divided by g.
148
Let n = 54 - 108. Let z(q) = -q**2 - 37*q - 322. Calculate the remainder when z(-17) is divided by (-6)/(-30) - n/5.
7
Let u be 40/2 + (15 - (-12 + 26)). Suppose o - 3 = -3*y, -19*o - 6 = -u*o - 4*y. Calculate the remainder when o is divided by 2.
1
Let o(t) = 13*t**2 + t - 3. Suppose -11*k = 5 + 28. Let i be o(k). Suppose -28*g = -27*g - i. What is the remainder when g is divided by 19?
16
Let l be (-2)/9 + (-620)/(-36). Suppose l*t = 10*t. Suppose -5*c - 2*c + 581 = t. What is the remainder when c is divided by 28?
27
Let k = -4 + 8. Let b(a) = -a**3 - 24*a**2 + 48*a - 85. Calculate the remainder when 26/(-13)*(-222)/k is divided by b(-26).
16
Calculate the remainder when 154 is divided by (-12)/(-5)*(-3675)/(-441).
14
Let z be 32*5 - (-6)/6. Let r = z + -83. Let w(i) = 20*i**2 - 4*i + 4. What is the remainder when r is divided by w(1)?
18
Suppose -2*p = 5*z - 2645, p + 280 = z - 256. Let v = z - 510. Calculate the remainder when 290 is divided by v.
17
Let n be 4/5*2*(-55)/(-22). Suppose -4*v + 4*s - 144 = 0, n = 2*v - 4*s + 68. Calculate the remainder when 5 - (-13)/((-26)/v) is divided by 16.
9
Suppose -2*y + 26 = 20. Suppose -2*b + y*b - 141 = -4*q, 389 = 3*b - 5*q. Calculate the remainder when b is divided by 20.
13
Let b(k) = k**2 + 7*k + 6. What is the remainder when b(-15) is divided by (-428)/(-20) + 119/(-35) + 4?
16
Let q be 2/(-2) - (-128 + 1). Suppose 0 = -3*t - 0*t + q. What is the remainder when (-14768)/(-182) + (-2)/14 is divided by t?
39
Calculate the remainder when (3 - 7/2)*-606 is divided by 36.
15
Let u(x) = x + 4. Let m(w) = w + 40. Let a(c) = 5*m(c) - 10*u(c). Calculate the remainder when 388 is divided by a(19).
63
Suppose -2*v + 3*c = 0, -2*v - 6 = 2*v - 3*c. Let d be 2/3 - 66/18 - v. Suppose d = 2*y + 33 - 93. Calculate the remainder when y is divided by 8.
6
Suppose -s = -4*t - 309, 41*t = 4*s + 46*t - 1194. Calculate the remainder when s is divided by 135.
31
Suppose 5*g - 36 = 2*b, 2*b + 6*g - g = -16. Let z = b - -26. Suppose 16*f - 348 = z*f. Calculate the remainder when f is divided by 17.
14
Let b(z) = -2*z**2 + 17*z - 10. Let r be b(12). Let f = 131 + r. Calculate the remainder when f is divided by 12 - 21/(-7) - 7.
5
Suppose -5499 = -174*p - 249*p. Suppose 2*q - 3*b - 145 = 279, -q - 4*b = -234. Calculate the remainder when q is divided by p.
10
Let z = -6917 - -7027. What is the remainder when z is divided by 36?
2
Let v(t) = t**3 - 7*t**2 + 7*t - 4. Let z be v(6). Let j(b) = 31*b**2 + 9*b + 1 - 18*b**2 - b**3 - 19*b**z. What is the remainder when j(-8) is divided by 29?
28
Suppose 3*b + 2*n = 327, 5*n = 13 + 2. Calculate the remainder when b is divided by 12/24 - (-129)/6.
19
Suppose 2*p - 299 + 217 = -4*b, p = 3. Calculate the remainder when 101 is divided by b.
6
Suppose 5*k - v - 197 = 0, 3*v - 111 = -6*k + 3*k. Let n = -32 + k. Let g(s) = -4*s**3 - 2*s**2 - 7*s - 11. What is the remainder when g(-2) is divided by n?
6
Suppose -550*x + 568*x - 20088 = 0. Calculate the remainder when x is divided by 1103.
13
Let m = 900 - 789. Suppose -1030 = -33*w + 884. What is the remainder when m is divided by w?
53
Let c be (32/(-12) + 3)*3. Let g(v) = 2*v - 1. Let x be g(c). Calculate the remainder when 100 is divided by x + 165/(9 + -4).
32
Let p = 9879 + -5670. What is the remainder when p is divided by 36?
33
Let n(c) = 3*c**3 + 2*c**2 + 87*c - 30. Calculate the remainder when n(20) is divided by 16.
14
Let l(s) = -21*s - 183. What is the remainder when l(-13) is divided by 21 - (-4 + 0) - 4/2?
21
Suppose -289 + 300 = m. What is the remainder when 3189 is divided by m?
10
Suppose -7*t + 30*t = 1541. Let q = 591 - 527. Calculate the remainder when t is divided by q.
3
Let b(h) = -h**2 - 38*h + 10. Suppose -36*l = 43*l - 3476. What is the remainder when b(-35) is divided by l?
27
Calculate the remainder when 662 - (82/12 + 13/78 - 14) is divided by 113.
104
Calculate the remainder when 454 is divided by 9 - (12*2/(-3) + 12).
4
Let h = -3676 + 3705. Calculate the remainder when 3763 is divided by h.
22
Let v(a) = -4*a + 7. Let u be v(-2). Let z be ((-35)/u)/7*-57. Suppose -3 - z = -g. Calculate the remainder when g is divided by 7.
1
Suppose -a = k - 2*k + 15, 0 = -3*k - a + 53. Let d = k + 8. Calculate the remainder when d is divided by 15.
10
Suppose -3*u + 169 + 100 = h, -541 = -2*h - 5*u. Suppose 5*c + 198 - h = 0. Calculate the remainder when c is divided by 5.
1
Suppose 5409 = -56*m + 13809. Suppose 3*c = a + 45 + 44, -3*c = 3*a - 105. Calculate the remainder when m is divided by c.
26
Let m(t) = -77*t - 8580. Let s = 88 - 63. Calculate the remainder when m(-113) is divided by s.
21
Let w = -68 + 74. Let n(r) = -2*r**3 + 12*r**2 + 5*r - 24. What is the remainder when 58 is divided by n(w)?
4
Let h = 3869 - 3785. Calculate the remainder when h is divided by 1.
0
Let u(p) = 2*p - 9. Let f be u(21). Suppose 4*g - 77 = -f. Calculate the remainder when g is divided by 5.
1
Let z(k) = k**2 - 2*k - 2. Suppose 21*w - 233948 + 233864 = 0. What is the remainder when z(-2) is divided by w?
2
Suppose 0 = -0*c + 2*c - n + 57, 5*c + 2*n + 138 = 0. Let k(l) = -56*l + 95. Let t be k(1). Let q = t + c. Calculate the remainder when 19 is divided by q.
8
Suppose 2*k = 43 + 3. Calculate the remainder when (7668/(-180) - -34)/(2/(-10)) is divided by k.
20
Let l(c) = -15*c**2 - 288*c - 51. Calculate the remainder when 171 is divided by l(-19).
3
What is the remainder when 33 is divided by (4 - 5)*-1 - (4 - 35)?
1
Let x = -21 - -53. Let w(q) = -q**2 - 18*q - 34. Let b be ((-48)/(-72))/((-4)/90). Calculate the remainder when x is divided by w(b).
10
Let k(d) = d**2 - 120. What is the remainder when 955 is divided by k(-16)?
3
Let x = -20672 + 20676. Calculate the remainder when 97 is divided by x.
1
Let w = -48413 + 48420. What is the remainder when 2603 is divided by w?
6
Suppose -4*p + 4*b = -556, 397 = 4*p + 2*b - 135. What is the remainder when 2010 is divided by p?
120
Let q = -10 - -4. Let y(n) = -3*n**2 + 12*n - 11. Let l be y(2). What is the remainder when q*(2 + (-26 - (l - 1))) is divided by 21?
18
Let d = -14555 + 14596. What is the remainder when 568 is divided by d?
35